{"id":27,"date":"2014-07-28T15:45:03","date_gmt":"2014-07-28T15:45:03","guid":{"rendered":"http:\/\/www.subponent.com\/?page_id=27"},"modified":"2019-02-14T11:45:15","modified_gmt":"2019-02-14T11:45:15","slug":"acoplaments-i-adaptadors-per-aire-comprimit","status":"publish","type":"page","link":"https:\/\/www.subponent.com\/index.php\/acoplaments-i-adaptadors-per-aire-comprimit\/","title":{"rendered":"Acoplaments i adaptadors per aire comprimit &#8211; CEJN"},"content":{"rendered":"<p>&nbsp;<\/p>\n<h2><strong><span style=\"color: #333333;\">Acoplaments d&#8217;aire comprimit<\/span><\/strong><\/h2>\n<p style=\"color: #000000;\"><strong>S\u00e8rie 310<\/strong><\/p>\n<p class=\"pet\" style=\"color: #000000;\"><img loading=\"lazy\" decoding=\"async\" class=\"size-full wp-image-149 alignleft\" src=\"https:\/\/www.subponent.com\/wp-content\/uploads\/2014\/07\/a310.jpg\" alt=\"a310\" width=\"204\" height=\"191\">La s\u00e8rie 310, que s&#8217;adapta a l&#8217;est\u00e0ndard americ\u00e0, est\u00e0<\/p>\n<p class=\"pet\" style=\"color: #000000;\">constitu\u00efda per acoblaments universals<\/p>\n<p class=\"pet\" style=\"color: #000000; text-align: left;\">d&#8217;aire comprimit, adequats per a la majoria&nbsp;d&#8217;aplicacions. Aquesta \u00e0mplia gamma de productes de f\u00e0cil maneig ofereix acoblaments de seguretat, aix\u00ed com connexions&nbsp;<strong>Stream-Line<\/strong>&nbsp;o&nbsp;<strong>Multi-Link<\/strong>. Aquesta s\u00e8rie participa tamb\u00e9 de les caracter\u00edstiques m\u00e9s importants dels productes&nbsp;<strong>CEJN<\/strong>, tals com el seu elevat caudal, la poca for\u00e7a de connexi\u00f3 requerida i la seva operabilitat amb una sola m\u00e0. Aquests acoplaments i espigues presenten les rosques mascle revestides de tefl\u00f3 per a facilitar la seva instal\u00b7laci\u00f3.<\/p>\n<p class=\"pet\" style=\"color: #000000;\"><strong>DADES T\u00c8CNIQUES<br \/>\nMaterial:<\/strong>&nbsp;Acoplaments-Acer\/llaut\u00f3 niquelat. Espiga-Acer Zincat.&nbsp;<strong>Caudal d&#8217;aire<\/strong>: M\u00e0x a 6 bar. (87 PSI) de pressi\u00f3 d&#8217;entrada, caiguda de pressi\u00f3 0,5 bar (7 PSI): 925 l\/min (32.7 CFM).&nbsp;<strong>M\u00e0x. pressi\u00f3 de treball:<\/strong>&nbsp;16 bar (232 PSI).&nbsp;<strong>M\u00edn. pressi\u00f3 de rotura:<\/strong>&nbsp;140 bar (2030 PSI).&nbsp;<strong>Escala de temperatures:<\/strong>-20 &#8211; +100\u00baC (-+4\u00baF &#8211; +212\u00baF).&nbsp;<strong>Di\u00e0metre de pas nominal:<\/strong>&nbsp;5,3 mm (7\/32&#8243;)<\/p>\n<hr>\n<p><strong>S\u00e8rie 320<\/strong><\/p>\n<p class=\"pet\" style=\"text-align: left;\">Resistent i insensible a les vibracions,&nbsp;<strong>la s\u00e8rie 320<\/strong>s&#8217;ha fabricat<\/p>\n<p class=\"pet\" style=\"text-align: left;\"><img loading=\"lazy\" decoding=\"async\" class=\"alignleft wp-image-150 size-full\" src=\"https:\/\/www.subponent.com\/wp-content\/uploads\/2014\/07\/a320.jpg\" alt=\"a320\" width=\"204\" height=\"191\">seguint un disseny original de&nbsp;<strong>CEJN<\/strong>que ha arribat a convertir-se en est\u00e0ndard en la ind\u00fastria europea. Els acoblaments d&#8217;aquesta s\u00e8rie poden manipular-se amb una sola m\u00e0, requereixen d&#8217;escassa for\u00e7a per a la seva connexi\u00f3 i es caracteritzen per la seva enorme capacitat de cabal. aquests acoblaments i espigues es presenten les rosques mascle revestides de tefl\u00f3 per a facilitar la seva instal\u00b7laci\u00f3. Els acoplaments tamb\u00e9 s&#8217;ofereixen en versi\u00f3 de seguretat i en un ampli assortiment de connexions, que inclou la l\u00ednia<strong>Stream-Line<\/strong>&nbsp;i els m\u00f2duls de connexi\u00f3&nbsp;<strong>Multi-Link<\/strong>. Les espigues tamb\u00e9 es fabriquen en llaut\u00f3 (<strong>s\u00e8rie 321<\/strong>).<\/p>\n<p class=\"pet\"><strong>DADES T\u00c8CNIQUES<br \/>\nMaterial:<\/strong>&nbsp;Acoplaments-Acer\/llaut\u00f3 niquelat. Espiga-Acer Zincat.&nbsp;<strong>Caudal d&#8217;aire<\/strong>: M\u00e0x a 6 bar. (87 PSI) de pressi\u00f3 d&#8217;entrada, caiguda de pressi\u00f3 0,5 bar (7 PSI): 2100 l\/min (74.2 CFM).&nbsp;<strong>M\u00e0x. pressi\u00f3 de treball:<\/strong>&nbsp;16 bar (232 PSI).&nbsp;<strong>M\u00edn. pressi\u00f3 de rotura:<\/strong>&nbsp;140 bar (2030 PSI).&nbsp;<strong>Escala de temperatures:<\/strong>-20 &#8211; +100\u00baC (-+4\u00baF &#8211; +212\u00baF).&nbsp;<strong>Di\u00e0metre de pas nominal:<\/strong>&nbsp;7,6 mm (5\/16&#8243;)<\/p>\n<hr>\n<hr>\n<h2><strong><span style=\"color: #333333;\">Acoplaments de seguretat<\/span><\/strong><\/h2>\n<p><strong>S\u00e8rie 320<\/strong><\/p>\n<p class=\"pet\"><a href=\"https:\/\/www.subponent.com\/wp-content\/uploads\/2014\/07\/b.jpg\"><img loading=\"lazy\" decoding=\"async\" class=\"alignleft wp-image-151 size-full\" src=\"https:\/\/www.subponent.com\/wp-content\/uploads\/2014\/07\/b.jpg\" alt=\"b\" width=\"204\" height=\"191\"><\/a>Els acoblaments anti-reculada de la&nbsp;<strong>s\u00e8rie 320<\/strong>&nbsp;es desconnecten en dues etapes, a fi d&#8217;evacuar l&#8217;aire residual de l&#8217;acoblament i minimitzar aix\u00ed el risc d&#8217;accidents per a l&#8217;usuari, derivats d&#8217;una brusca separaci\u00f3 dels seus components. a expulsi\u00f3 d&#8217;aquest aire durant l&#8217;operaci\u00f3 de desconnexi\u00f3 contribueix a m\u00e9s a reduir considerablement el nivell de soroll, sobretot si es compara amb altres acoblaments est\u00e0ndard. caracter\u00edstiques com la redu\u00efda for\u00e7a de connexi\u00f3 requerida i l&#8217;esc\u00e0s nivell de soroll produ\u00eft durant la desconnexi\u00f3 contribueixen a crear un entorn laboral m\u00e9s segur i agradable. Els acoblaments d&#8217;aquesta s\u00e8rie compleixen les normes ISO 4414 i EN 983. Aquests acoblaments i espigues presenten les rosques mascle revestides de tefl\u00f3 per a facilitar la seva instal\u00b7laci\u00f3.<\/p>\n<p class=\"pet\"><strong>DADES T\u00c8CNIQUES<br \/>\nMaterial:<\/strong>&nbsp;Acoplaments-Acer\/llaut\u00f3 niquelat. Espiga-Acer Zincat.&nbsp;<strong>Caudal d&#8217;aire:<\/strong>&nbsp;M\u00e0x a 6 bar. (87 PSI) de pressi\u00f3 d&#8217;entrada, caiguda de pressi\u00f3 0,5 bar (7 PSI): 1900 l\/min (67,1 CFM).&nbsp;<strong>M\u00e0x. pressi\u00f3 de treball:<\/strong>&nbsp;12 bar (174 PSI).&nbsp;<strong>M\u00edn. pressi\u00f3 de trencament:<\/strong>&nbsp;48 bar (696 PSI).<strong>Escala de temperatures:<\/strong>-20 &#8211; +100\u00baC (-+4\u00baF &#8211; +212\u00baF).&nbsp;<strong>Di\u00e0metre de pas nominal:<\/strong>&nbsp;7,6 mm (5\/16&#8243;)<\/p>\n<hr>\n<hr>\n<p>&nbsp;<\/p>\n<h2><strong><span style=\"color: #333333;\">Components Multi-Link<\/span><\/strong><\/h2>\n<p>&nbsp;<\/p>\n<p class=\"pet\" style=\"color: #000000;\"><a href=\"https:\/\/www.subponent.com\/wp-content\/uploads\/2014\/07\/c.jpg\"><img loading=\"lazy\" decoding=\"async\" class=\"alignleft size-full wp-image-152\" src=\"https:\/\/www.subponent.com\/wp-content\/uploads\/2014\/07\/c.jpg\" alt=\"c\" width=\"204\" height=\"191\"><\/a>El disseny modular del sistema&nbsp;<strong>Multi-Link<\/strong>&nbsp;ofereix unes possibilitats de combinaci\u00f3 il\u00b7limitades. Aquest sistema permet connectar fins a 6 seccions entre si f\u00e0cilment per a obtenir un m\u00f2dul compacte. Les diferents seccions que inclouen el sistema&nbsp;<strong>Multi-Link<\/strong>&nbsp;es comercialitzen amb un acoblament r\u00e0pid incorporat (veure s\u00e8ries 300, 310 i 320) i rosca femella. El sistema&nbsp;<strong>Multi-Link<\/strong>tamb\u00e9 permet crear de manera r\u00e0pida i senzilla un xarxa flexible d&#8217;aire comprimit connectant diversos m\u00f2duls a les m\u00e0negues&nbsp;<strong>CEJN<\/strong>.<\/p>\n<p class=\"pet\" style=\"color: #000000;\"><strong>DADES T\u00c8CNIQUES<br \/>\nM\u00e0x. pressi\u00f3 de treball:&nbsp;<\/strong>10 bar (261 PSI)&nbsp;<strong><br \/>\nEscala de temperatures:&nbsp;<\/strong>&#8211; 30\u00baC fins a +100\u00baC<strong>Mitj\u00e0:&nbsp;<\/strong>Aire comprimit<strong><br \/>\nMaterial:&nbsp;<\/strong>Llaut\u00f3 niquelat<br \/>\n<strong>Material d&#8217;estanqueitat:<\/strong>&nbsp;nitril<\/p>\n<p class=\"pet\" style=\"color: #000000;\"><strong>Multi-Link amb acoplaments r\u00e0pids integrats:&nbsp;<\/strong><strong><br \/>\n<\/strong>S\u00e8rie 300, s\u00e8rie 310 i s\u00e8rie 320<\/p>\n<hr>\n<hr>\n<h2><strong>Stream Line. Adaptadors i m\u00e0negues<\/strong><\/h2>\n<p class=\"pet\" style=\"color: #000000;\"><a href=\"https:\/\/www.subponent.com\/wp-content\/uploads\/2014\/07\/d.jpg\"><img loading=\"lazy\" decoding=\"async\" class=\"alignleft wp-image-153\" src=\"https:\/\/www.subponent.com\/wp-content\/uploads\/2014\/07\/d-154x300.jpg\" alt=\"d\" width=\"233\" height=\"453\" srcset=\"https:\/\/www.subponent.com\/wp-content\/uploads\/2014\/07\/d-154x300.jpg 154w, https:\/\/www.subponent.com\/wp-content\/uploads\/2014\/07\/d.jpg 204w\" sizes=\"(max-width: 233px) 100vw, 233px\" \/><\/a>El sistema&nbsp;combina les conegudes s\u00e8ries d&#8217;acoblament r\u00e0pids&nbsp;<strong>CEJN<\/strong>&nbsp;amb una m\u00e0nega de poliuret\u00e0 resistent a l&#8217;oli, a fi d&#8217;obtenir la major connexi\u00f3, flexibilitat i durada possible. L&#8217;estanque\u00eftat es realitza mitjan\u00e7ant l&#8217;\u00fas d&#8217;un con i una rosca que, juntament amb la m\u00e0nega de poliuret\u00e0, donen lloc a una connexi\u00f3 segura i resistent, sense necessitat d&#8217;utilitzar abra\u00e7adores que danyarien la m\u00e0nega.<\/p>\n<hr>\n<p class=\"pet\" style=\"color: #000000;\"><strong>M\u00c0MEGA DE POLIURET\u00c0 CEJN<\/strong><\/p>\n<p class=\"pet\">\u00b7 Resistent a l&#8217;oli<br \/>\n\u00b7 Gran resist\u00e8ncia al degoteig amb excel\u00b7lents resultats enfront del desgast<br \/>\n\u00b7 Incomparables propietats d&#8217;envelliment: dura fins a 10 vegades m\u00e9s que una m\u00e0nega de goma convencional resistent a l&#8217;oli<br \/>\n\u00b7 Lleugeresa -m\u00ednim de 37 grams\/metre<br \/>\n\u00b7 \u00c0mplia gamma de temperatures: de -30\u00baC a +60\u00baC sense perdre flexibilitat \u00b7 V\u00e0lvules de gran cabal en combinaci\u00f3 amb les connexions Stream Line<\/p>\n<p class=\"pet\">La gamma de m\u00e0negues&nbsp;<strong>CEJN<\/strong>&nbsp;est\u00e0 constitu\u00efda per tres models b\u00e0sics, disponibles en color blau, adequats per a la majoria d&#8217;aplicacions d&#8217;aire comprimit:<br \/>\nM\u00e0nega de poliuret\u00e0 refor\u00e7ada<br \/>\nM\u00e0nega de poliuret\u00e0 no refor\u00e7ada<br \/>\nM\u00e0nega de poliuret\u00e0 en espiral<\/p>\n<hr>\n<p class=\"pet\"><strong>ACOPLAMIENTOS DE MANGUERA Y ADAPTADORES<\/strong><\/p>\n<p class=\"pet\">Les connexions Stream-Line estan disponibles en les s\u00e8ries 300, 303, 310, 315, 320, 408, 410 i 430. Pel que fa a les connexions fixes,&nbsp;<strong>CEJN<\/strong>&nbsp;ofereix una \u00e0mplia gamma d&#8217;adaptadors de rosca, amb o sense opci\u00f3 de gir.<\/p>\n<hr>\n<hr>\n<h2><strong>Enrotlladors per aire comprimit<\/strong><\/h2>\n<p style=\"color: #000000;\"><strong>19 911 500X<\/strong><\/p>\n<p class=\"pet\" style=\"color: #000000;\"><a href=\"https:\/\/www.subponent.com\/wp-content\/uploads\/2014\/07\/e1.jpg\"><img loading=\"lazy\" decoding=\"async\" class=\"alignleft size-full wp-image-154\" src=\"https:\/\/www.subponent.com\/wp-content\/uploads\/2014\/07\/e1.jpg\" alt=\"e1\" width=\"204\" height=\"191\"><\/a>Enrotlladora per a aire comprimit, amb m\u00e0nega de poliuret\u00e0 refor\u00e7ada de 8 x 12 mm.<br \/>\nS&#8217;instal\u00b7la en la paret i permet un gir de 150\u00ba.<br \/>\nLongitud: 10 m<\/p>\n<p>&nbsp;<\/p>\n<p>&nbsp;<\/p>\n<p>&nbsp;<\/p>\n<hr>\n<p>&nbsp;<\/p>\n<p><strong>19 911 501X\/502X<\/strong><\/p>\n<p class=\"pet\"><a href=\"https:\/\/www.subponent.com\/wp-content\/uploads\/2014\/07\/e2.jpg\"><img loading=\"lazy\" decoding=\"async\" class=\"alignleft size-full wp-image-156\" src=\"https:\/\/www.subponent.com\/wp-content\/uploads\/2014\/07\/e2.jpg\" alt=\"e2\" width=\"204\" height=\"191\"><\/a>Enrotlladores per a aire comprimit, amb m\u00e0nega de poliuret\u00e0 refor\u00e7ada de 6,5 x 10 i 8 x 12 mm.<br \/>\nS&#8217;instal\u00b7la en la paret o el sostre i permet un gir de 300\u00ba.<br \/>\nLongitud: 7 i 9 m<\/p>\n<p>&nbsp;<\/p>\n<p>&nbsp;<\/p>\n<p>&nbsp;<\/p>\n<hr>\n<p style=\"color: #000000;\"><strong>19 911 51XX<\/strong><\/p>\n<p class=\"pet\" style=\"color: #000000;\"><a href=\"https:\/\/www.subponent.com\/wp-content\/uploads\/2014\/07\/e3.jpg\"><img loading=\"lazy\" decoding=\"async\" class=\"alignleft size-full wp-image-157\" src=\"https:\/\/www.subponent.com\/wp-content\/uploads\/2014\/07\/e3.jpg\" alt=\"e3\" width=\"204\" height=\"191\"><\/a>Enrotlladores per a aire comprimit, amb m\u00e0nega de poliuret\u00e0 refor\u00e7ada de 8 x 12 i 9,5 x 13,5 mm.<br \/>\nS&#8217;instal\u00b7la en la paret o el sostre i permet un gir de 300\u00ba.<br \/>\nLongitud: 14 i 16m<\/p>\n<p>&nbsp;<\/p>\n<p>&nbsp;<\/p>\n<p>&nbsp;<\/p>\n<hr>\n<hr>\n<h2><\/h2>\n<h2><strong>Pistoles d&#8217;aire<\/strong><\/h2>\n<p style=\"color: #000000;\"><strong>S\u00e8rie 208<\/strong><\/p>\n<p class=\"pet\" style=\"color: #000000;\"><a href=\"https:\/\/www.subponent.com\/wp-content\/uploads\/2014\/07\/f208.jpg\"><img loading=\"lazy\" decoding=\"async\" class=\"alignleft size-full wp-image-158\" src=\"https:\/\/www.subponent.com\/wp-content\/uploads\/2014\/07\/f208.jpg\" alt=\"f208\" width=\"204\" height=\"191\"><\/a>Les pistoles d&#8217;aire de la s\u00e8rie 208 s\u00f3n productes duradors i d&#8217;esc\u00e0s desgast en la coberta exterior, uns excel\u00b7lents aliats d&#8217;usuari en la majoria d&#8217;\u00e0rees d&#8217;aplicaci\u00f3. El seu disseny ergon\u00f2mic est\u00e0 indicat per a operaris esquerrans i destres, i assegura un maneig m\u00e9s c\u00f2mode de la pistola. L&#8217;exterior plastificat de la pistola aconsegueix un agradable nivell de flexibilitat, al mateix temps que a\u00eflla del fred i protegeix les superf\u00edcies delicades. El disseny<strong>Star Tip<\/strong>&nbsp;del conducte d&#8217;aire \u00e9s un excel\u00b7lent amortidor del soroll. (Les pistola d&#8217;aire es comercialitzen amb o sense filtre&nbsp;<strong>Star-Tip<\/strong>, que pot comprar-se per separat) la s\u00e8rie 208 disposa tamb\u00e9 d&#8217;un sistema de seguretat. La pistola amb regulador redueix la pressi\u00f3 de sortida de l&#8217;aire a nivells de total seguretat en cas de produir-se un bloqueig en el cabal del conducte exterior.<\/p>\n<p>DADES T\u00c8CNIQUES<br \/>\nMaterial:&nbsp;Cos &#8211; POM (acetat pl\u00e0stic) V\u00e0lvula\/tub: llaut\u00f3<strong><br \/>\nM\u00e0x. pressi\u00f3 de treball:&nbsp;<\/strong>16 bar (232 PSI) (Pistola amb regulador: 8 bar (116 PSI))&nbsp;<strong><br \/>\nM\u00edn. pressi\u00f3 de roscura:&nbsp;<\/strong>64 bar (928 PSI)<strong><br \/>\nConexi\u00f3:&nbsp;<\/strong>rosca femella 1\/4&#8243;<strong><br \/>\nEscala de temperatures:&nbsp;<\/strong>-20\u00baC &#8211; +60\u00baC (-4\u00baF &#8211; +140\u00baF)<\/p>\n<hr>\n<p><strong>S\u00e8rie 207<\/strong><\/p>\n<p class=\"pet\"><a href=\"https:\/\/www.subponent.com\/wp-content\/uploads\/2014\/07\/f208.jpg\"><img loading=\"lazy\" decoding=\"async\" class=\"alignleft size-full wp-image-158\" src=\"https:\/\/www.subponent.com\/wp-content\/uploads\/2014\/07\/f208.jpg\" alt=\"f208\" width=\"204\" height=\"191\"><\/a>La pistola d&#8217;aire de la s\u00e8rie 207 \u00e9s un producte potent, compacte i manejable. el filtre est\u00e0ndard duu un amortidor de soroll incorporat, Entre els seus accessoris pot destacar-se el tub de llaut\u00f3 i la punta de goma, perfecta per a ser utilitzada en superf\u00edcies delicades al netejar conductes, orificis, etc.<\/p>\n<p>DADES T\u00c8CNIQUES<br \/>\nMaterial:&nbsp;Cos &#8211; POM (acetat pl\u00e0stic) V\u00e0lvula\/tub: llaut\u00f3<strong><br \/>\nM\u00e0x. pressi\u00f3 de treball:&nbsp;<\/strong>16 bar (232 PSI) (Pistola amb regulador: 8 bar (116 PSI))&nbsp;<strong><br \/>\nM\u00edn. pressi\u00f3 de roscura:&nbsp;<\/strong>64 bar (928 PSI)<strong><br \/>\nConexi\u00f3:&nbsp;<\/strong>rosca femella 1\/4&#8243;<strong><br \/>\nEscala de temperatures:&nbsp;<\/strong>-20\u00baC &#8211; +60\u00baC (-4\u00baF &#8211; +140\u00baF)<\/p>\n<p>&nbsp;<\/p>\n","protected":false},"excerpt":{"rendered":"<p>&nbsp; Acoplaments d&#8217;aire comprimit S\u00e8rie 310 La s\u00e8rie 310, que s&#8217;adapta a l&#8217;est\u00e0ndard americ\u00e0, est\u00e0 constitu\u00efda per acoblaments universals d&#8217;aire comprimit, adequats per a la majoria&nbsp;d&#8217;aplicacions. Aquesta \u00e0mplia gamma de productes de f\u00e0cil maneig ofereix acoblaments de seguretat, aix\u00ed com connexions&nbsp;Stream-Line&nbsp;o&nbsp;Multi-Link. Aquesta s\u00e8rie participa tamb\u00e9 de les caracter\u00edstiques m\u00e9s importants dels productes&nbsp;CEJN, tals com el&hellip; <a href=\"https:\/\/www.subponent.com\/index.php\/acoplaments-i-adaptadors-per-aire-comprimit\/\" class=\"more-link\">Seguir leyendo <span class=\"screen-reader-text\">Acoplaments i adaptadors per aire comprimit &#8211; CEJN<\/span><\/a><\/p>\n","protected":false},"author":1,"featured_media":0,"parent":0,"menu_order":0,"comment_status":"closed","ping_status":"closed","template":"","meta":{"footnotes":""},"class_list":["post-27","page","type-page","status-publish","hentry","without-featured-image"],"_links":{"self":[{"href":"https:\/\/www.subponent.com\/index.php\/wp-json\/wp\/v2\/pages\/27"}],"collection":[{"href":"https:\/\/www.subponent.com\/index.php\/wp-json\/wp\/v2\/pages"}],"about":[{"href":"https:\/\/www.subponent.com\/index.php\/wp-json\/wp\/v2\/types\/page"}],"author":[{"embeddable":true,"href":"https:\/\/www.subponent.com\/index.php\/wp-json\/wp\/v2\/users\/1"}],"replies":[{"embeddable":true,"href":"https:\/\/www.subponent.com\/index.php\/wp-json\/wp\/v2\/comments?post=27"}],"version-history":[{"count":13,"href":"https:\/\/www.subponent.com\/index.php\/wp-json\/wp\/v2\/pages\/27\/revisions"}],"predecessor-version":[{"id":292,"href":"https:\/\/www.subponent.com\/index.php\/wp-json\/wp\/v2\/pages\/27\/revisions\/292"}],"wp:attachment":[{"href":"https:\/\/www.subponent.com\/index.php\/wp-json\/wp\/v2\/media?parent=27"}],"curies":[{"name":"wp","href":"https:\/\/api.w.org\/{rel}","templated":true}]}}