{"id":35,"date":"2014-07-28T15:52:43","date_gmt":"2014-07-28T15:52:43","guid":{"rendered":"http:\/\/www.subponent.com\/?page_id=35"},"modified":"2019-02-14T11:45:15","modified_gmt":"2019-02-14T11:45:15","slug":"equips-i-cabines-de-pintura","status":"publish","type":"page","link":"https:\/\/www.subponent.com\/index.php\/equips-i-cabines-de-pintura\/","title":{"rendered":"Equips i cabines de pintura &#8211; WAGNER"},"content":{"rendered":"<h1><strong><span style=\"color: #000000;\">Equips de pintura \u00abWAGNER\u00bb<\/span><\/strong><\/h1>\n<p>&nbsp;<\/p>\n<p><span style=\"color: #000000;\"><a href=\"https:\/\/www.subponent.com\/wp-content\/uploads\/2014\/07\/wagner.jpg\"><img loading=\"lazy\" decoding=\"async\" class=\"alignleft size-medium wp-image-177\" src=\"https:\/\/www.subponent.com\/wp-content\/uploads\/2014\/07\/wagner-266x300.jpg\" alt=\"wagner\" width=\"266\" height=\"300\" srcset=\"https:\/\/www.subponent.com\/wp-content\/uploads\/2014\/07\/wagner-266x300.jpg 266w, https:\/\/www.subponent.com\/wp-content\/uploads\/2014\/07\/wagner.jpg 411w\" sizes=\"(max-width: 266px) 100vw, 266px\" \/><\/a>La primera elecci\u00f3 en bombes pneum\u00e0tiques de membrana. Senzilles i eficaces, ideals per a alimentar pistoles pulveritzadores manuals i autom\u00e0tiques, acabats de superf\u00edcies d&#8217;alta qualitat amb sistemes electrost\u00e0tics, HVLP o unitats de pulveritzaci\u00f3 convencionals de fusta, metall i pl\u00e0stic.<\/span><\/p>\n<p class=\"fina\" style=\"color: #000000;\">La millor soluci\u00f3 per al seu treball. Reducci\u00f3 de costos i increment del rendiment.<\/p>\n<ul class=\"fina\" style=\"color: #000000;\">\n<ul class=\"fina\" style=\"color: #000000;\">\n<li><strong>Innovadora ZIP 52<\/strong>: M\u00e9s fiable, vers\u00e0til i compacta.<\/li>\n<\/ul>\n<\/ul>\n<ul class=\"fina\" style=\"color: #000000;\">\n<ul class=\"fina\" style=\"color: #000000;\">\n<li><strong>Sense polsacions<\/strong>: Perfecte control del l\u00edquid bombejat gr\u00e0cies al innvador sistema \u00ab<strong>FFC<\/strong>\u00bb 3 en 1, patentat per&nbsp;<strong>Wagnercolora<\/strong>.<\/li>\n<\/ul>\n<\/ul>\n<ul class=\"fina\" style=\"color: #000000;\">\n<ul class=\"fina\" style=\"color: #000000;\">\n<li><strong>Equipament complert<\/strong>:\n<ul>\n<li>Connexi\u00f3 suplementaria per a pistoles adicionals.<\/li>\n<li>Ganxo per a suspendre la pistola.<\/li>\n<li>Aixeta per a mantindre la pintura en recirculaci\u00f3.<\/li>\n<\/ul>\n<\/li>\n<\/ul>\n<\/ul>\n<ul class=\"fina\" style=\"color: #000000;\">\n<ul class=\"fina\" style=\"color: #000000;\">\n<li><strong>Modular<\/strong>: A partir de la versi\u00f3 b\u00e0sica pot nontar-se f\u00e0cilment el suport per a paret, el cavallet o el kit de suport de rodes per a convertir-la en un carret.<\/li>\n<\/ul>\n<\/ul>\n<ul class=\"fina\" style=\"color: #000000;\">\n<ul class=\"fina\" style=\"color: #000000;\">\n<li><strong>F\u00e0cil d&#8217;utilitzar<\/strong>: Reguladors d&#8217;aire i pintura situats en el panell de control frontal, en una posici\u00f3 c\u00f2moda per a l&#8217;usuari.<\/li>\n<\/ul>\n<\/ul>\n<ul class=\"fina\" style=\"color: #000000;\">\n<ul class=\"fina\" style=\"color: #000000;\">\n<li>Sistema d&#8217;aspiraci\u00f3 flexible, idoni tamb\u00e9 per a productes viscosos.<\/li>\n<\/ul>\n<\/ul>\n<ul class=\"fina\" style=\"color: #000000;\">\n<ul class=\"fina\" style=\"color: #000000;\">\n<li><strong>Pistoles pulveritzadores Wagnercolora<\/strong>: manuals i autom\u00e0tiques\n<ul>\n<li>Amplia gamma.<\/li>\n<li>Alta efic\u00e0cia de transfer\u00e8ncia.<\/li>\n<li>Ergon\u00f2miques i compactes.<\/li>\n<\/ul>\n<\/li>\n<\/ul>\n<\/ul>\n<ul class=\"fina\" style=\"color: #000000;\">\n<li><strong>Perfecta<\/strong>: Per a acabats de primera qualitat.<\/li>\n<\/ul>\n<p>&nbsp;<\/p>\n<hr>\n<p>&nbsp;<\/p>\n<h1><strong><span style=\"color: #000000;\">Cabines de pintura \u00abMERCURY\u00bb<\/span><\/strong><\/h1>\n<p>&nbsp;<\/p>\n<p><span style=\"color: #000000;\"><a href=\"https:\/\/www.subponent.com\/wp-content\/uploads\/2014\/07\/5a.jpg\"><img loading=\"lazy\" decoding=\"async\" class=\"alignleft size-medium wp-image-178\" src=\"https:\/\/www.subponent.com\/wp-content\/uploads\/2014\/07\/5a-300x152.jpg\" alt=\"5a\" width=\"300\" height=\"152\" srcset=\"https:\/\/www.subponent.com\/wp-content\/uploads\/2014\/07\/5a-300x152.jpg 300w, https:\/\/www.subponent.com\/wp-content\/uploads\/2014\/07\/5a.jpg 471w\" sizes=\"(max-width: 300px) 100vw, 300px\" \/><\/a>A SUBPONENT&nbsp;oferim la instal\u00b7laci\u00f3 i venda d&#8217;una ampl\u00edssima gamma de cabines de pintura: desde cabines presuritzades a cabines de pintura per filtres secs.<\/span><\/p>\n<p><span style=\"color: #000000;\">Disposem de cabines presuritzades disenyades per aconseguir un acabat perfecte en lacats de lluentor directa. Es poden constru\u00efr modularment amb panells de tipus \u00absandwich\u00bb que faciliten les ampliacions o el trasllat de les mateixes.<\/span><br style=\"color: #000000;\"><br style=\"color: #000000;\"><span style=\"color: #000000;\">Es poden incorporar sistemes de calefacci\u00f3 per gasoil, gas, vapor d&#8217;aigua, aigua calenta, oli t\u00e8rmic, electricitat, etc.<\/span><br style=\"color: #000000;\"><br style=\"color: #000000;\"><span style=\"color: #000000;\">La refrigeraci\u00f3 a l&#8217;estiu es pot realitzar mitjan\u00e7ant un sofisticat sistema que, a m\u00e9s a m\u00e9s de refrigerar l&#8217;aire, incorpora una etapa de filtraci\u00f3 per v\u00eda humida.<\/span><br style=\"color: #000000;\"><span style=\"color: #000000;\">Els nostres sistemes de presuritzaci\u00f3, calefacci\u00f3, etc, s\u00f3n adaptables a qualsevol recinte d&#8217;obra civil que disposi el client, previ estudi i acotaci\u00f3 del mateix.<\/span><\/p>\n<p>&nbsp;<\/p>\n<p><a href=\"https:\/\/www.subponent.com\/wp-content\/uploads\/2014\/07\/5b.jpg\"><img loading=\"lazy\" decoding=\"async\" class=\"alignleft size-full wp-image-179\" src=\"https:\/\/www.subponent.com\/wp-content\/uploads\/2014\/07\/5b.jpg\" alt=\"5b\" width=\"251\" height=\"191\"><\/a><\/p>\n<p>&nbsp;<\/p>\n<p>&nbsp;<\/p>\n<p><span style=\"color: #000000;\">Cabina de pintura per filtres secs<\/span><\/p>\n<p>&nbsp;<\/p>\n<p>&nbsp;<\/p>\n<p>&nbsp;<\/p>\n<p>&nbsp;<\/p>\n<p><a href=\"https:\/\/www.subponent.com\/wp-content\/uploads\/2014\/07\/5c.jpg\"><img loading=\"lazy\" decoding=\"async\" class=\"alignleft size-full wp-image-180\" src=\"https:\/\/www.subponent.com\/wp-content\/uploads\/2014\/07\/5c.jpg\" alt=\"5c\" width=\"251\" height=\"191\"><\/a><\/p>\n<p>&nbsp;<\/p>\n<p style=\"color: #000000;\">Forn de la cabina amb porta doble<\/p>\n<p style=\"color: #000000;\">Ample d&#8217;acc\u00e9s addicional (5 mt)<\/p>\n<p style=\"color: #000000;\">Sistema d&#8217;il\u00b7luminaci\u00f3 particular a l&#8217;angle avansat i al panel<\/p>\n<p style=\"color: #000000;\">\n<p style=\"color: #000000;\">\n<hr>\n<p>&nbsp;<\/p>\n<h1><strong><span style=\"color: #000000;\">Equips de pintura d&#8217;alta pressi\u00f3 sistema AIRLESS<\/span><\/strong><\/h1>\n<p>&nbsp;<\/p>\n<p><span style=\"color: #000000;\"><a href=\"https:\/\/www.subponent.com\/wp-content\/uploads\/2014\/07\/airless.jpg\"><img loading=\"lazy\" decoding=\"async\" class=\"alignleft size-medium wp-image-181\" src=\"https:\/\/www.subponent.com\/wp-content\/uploads\/2014\/07\/airless-234x300.jpg\" alt=\"airless\" width=\"234\" height=\"300\" srcset=\"https:\/\/www.subponent.com\/wp-content\/uploads\/2014\/07\/airless-234x300.jpg 234w, https:\/\/www.subponent.com\/wp-content\/uploads\/2014\/07\/airless.jpg 400w\" sizes=\"(max-width: 234px) 100vw, 234px\" \/><\/a>Transforma la for\u00e7a pneum\u00e0tica en un rendiment perfecte i disposa d&#8217;una pot\u00e8ncia de reserva adicional que conven\u00e7 plenament en la pr\u00e0ctica.<\/span><\/p>\n<p class=\"fina\" style=\"color: #000000;\">El rendiment perfecte!<\/p>\n<p class=\"fina\" style=\"color: #000000;\">Alta rel\u00b7laci\u00f3 de multiplicaci\u00f3 de pressi\u00f3 per a tubs flexibles m\u00e9s llargs i elevada pressi\u00f3 per a dispossar d&#8217;una pulveritzaci\u00f3 perfecta.<\/p>\n<p class=\"fina\" style=\"color: #000000;\">La bomba&nbsp;<strong>PUMA 28-40<\/strong>&nbsp;\u00e9s un equip de for\u00e7a perfecte, especialment adequat per a materials dif\u00edcils d&#8217;aplicar, incl\u00fas en condicions extremes i en casos d&#8217;elevades necessitats de pressi\u00f3.<\/p>\n<ul class=\"fina\" style=\"color: #000000;\">\n<li>Congelaci\u00f3 m\u00ednima i supresi\u00f3 de les interrupcions de treball gr\u00e0cies a la nova geometria interna.<\/li>\n<li>El comandament pneum\u00e0tic no necessita oli pneum\u00e0tic.<\/li>\n<li>Polsaci\u00f3 m\u00ednima per a dispossar d&#8217;un doll de pulveritzaci\u00f3 uniforme.<\/li>\n<li>Caixa de comandament compacta amb amortiguador de soroll integrat.<\/li>\n<li>V\u00e0lvula de seguretat que impideix pressions excesives.<\/li>\n<li>Unitat de regulaci\u00f3 de pressi\u00f3 compacta i integrada.<\/li>\n<li>V\u00e0lvula d&#8217;admissi\u00f3 optimitzada per a un muntatge manual sense estris.<\/li>\n<li>F\u00e0cil neteja de la c\u00e0mara de l&#8217;agent separador.<\/li>\n<li>R\u00e0pid canvi d&#8217;empaquetadures sense estris especials.<\/li>\n<li>Recanvi f\u00e0cil: Grans v\u00e0lvules d&#8217;admissi\u00f3 i fugida per a un cabal \u00f2ptim, incl\u00fas per a substancies de viscositat mitja.<\/li>\n<li>Totes les peces de la bomba que est\u00e0n en contacte amb la pintura s\u00f3n d&#8217;acer inoxidable.<\/li>\n<li>Assentaments de v\u00e0lvula de carbur de tungst\u00e9.<\/li>\n<li>\u00c9mbol de bomba de crom dur.<\/li>\n<li>Empaquetadures fixes amb regulaci\u00f3 autom\u00e0tica.<\/li>\n<li>Filtre d&#8217;alta pressi\u00f3 (opcional) amb cartutxos filtrants recanviables.<\/li>\n<\/ul>\n<p class=\"fina\" style=\"color: #000000;\">Bomba complerta amb filtre d&#8217;alta pressi\u00f3, carret, pistola, manega de producte i sistema d&#8217;aspiraci\u00f3.<\/p>\n<p>&nbsp;<\/p>\n<p>&nbsp;<\/p>\n","protected":false},"excerpt":{"rendered":"<p>Equips de pintura \u00abWAGNER\u00bb &nbsp; La primera elecci\u00f3 en bombes pneum\u00e0tiques de membrana. Senzilles i eficaces, ideals per a alimentar pistoles pulveritzadores manuals i autom\u00e0tiques, acabats de superf\u00edcies d&#8217;alta qualitat amb sistemes electrost\u00e0tics, HVLP o unitats de pulveritzaci\u00f3 convencionals de fusta, metall i pl\u00e0stic. La millor soluci\u00f3 per al seu treball. Reducci\u00f3 de costos i&hellip; <a href=\"https:\/\/www.subponent.com\/index.php\/equips-i-cabines-de-pintura\/\" class=\"more-link\">Seguir leyendo <span class=\"screen-reader-text\">Equips i cabines de pintura &#8211; WAGNER<\/span><\/a><\/p>\n","protected":false},"author":1,"featured_media":0,"parent":0,"menu_order":0,"comment_status":"closed","ping_status":"closed","template":"","meta":{"footnotes":""},"class_list":["post-35","page","type-page","status-publish","hentry","without-featured-image"],"_links":{"self":[{"href":"https:\/\/www.subponent.com\/index.php\/wp-json\/wp\/v2\/pages\/35"}],"collection":[{"href":"https:\/\/www.subponent.com\/index.php\/wp-json\/wp\/v2\/pages"}],"about":[{"href":"https:\/\/www.subponent.com\/index.php\/wp-json\/wp\/v2\/types\/page"}],"author":[{"embeddable":true,"href":"https:\/\/www.subponent.com\/index.php\/wp-json\/wp\/v2\/users\/1"}],"replies":[{"embeddable":true,"href":"https:\/\/www.subponent.com\/index.php\/wp-json\/wp\/v2\/comments?post=35"}],"version-history":[{"count":4,"href":"https:\/\/www.subponent.com\/index.php\/wp-json\/wp\/v2\/pages\/35\/revisions"}],"predecessor-version":[{"id":285,"href":"https:\/\/www.subponent.com\/index.php\/wp-json\/wp\/v2\/pages\/35\/revisions\/285"}],"wp:attachment":[{"href":"https:\/\/www.subponent.com\/index.php\/wp-json\/wp\/v2\/media?parent=35"}],"curies":[{"name":"wp","href":"https:\/\/api.w.org\/{rel}","templated":true}]}}